{"id":159,"date":"2022-02-09T22:29:28","date_gmt":"2022-02-10T01:29:28","guid":{"rendered":"https:\/\/projetolouvai.com.br\/loja\/?post_type=product&#038;p=159"},"modified":"2022-09-03T14:22:46","modified_gmt":"2022-09-03T17:22:46","slug":"coletanea-didatica-partituras-para-viola-de-arco-livro-1a-hinos-classicos","status":"publish","type":"product","link":"https:\/\/projetolouvai.com.br\/loja\/produto\/coletanea-didatica-partituras-para-viola-de-arco-livro-1a-hinos-classicos\/","title":{"rendered":"Colet\u00e2nea Did\u00e1tica | Partituras para Viola de Arco | Livro 1A | Hinos Cl\u00e1ssicos"},"content":{"rendered":"<p>Esta colet\u00e2nea tr\u00e1s 10 melodias de Hinos Cl\u00e1ssicos que apenas usam a Sem\u00ednima como figura de tempo, para auxiliar professores e alunos na aprendizagem do instrumento. Os tons tamb\u00e9m foram adaptados para poder ser compat\u00edvel com o n\u00edvel em que o aluno est\u00e1, visando um desenvolvimento gradual dos estudos.<\/p>\n","protected":false},"excerpt":{"rendered":"<p>Esta colet\u00e2nea tr\u00e1s 10 melodias de Hinos Cl\u00e1ssicos que apenas usam a Sem\u00ednima como figura de tempo, para auxiliar professores e alunos na aprendizagem do instrumento. Os tons tamb\u00e9m foram adaptados para poder ser compat\u00edvel com o n\u00edvel em que o aluno est\u00e1, visando um desenvolvimento gradual dos estudos.<\/p>\n","protected":false},"featured_media":162,"comment_status":"open","ping_status":"closed","template":"","meta":[],"product_brand":[],"product_cat":[54,56,55],"product_tag":[58,57],"class_list":{"0":"post-159","1":"product","2":"type-product","3":"status-publish","4":"has-post-thumbnail","6":"product_cat-coletanea-didatica","7":"product_cat-hinos-cristaos","8":"product_cat-violino","9":"product_tag-coletanea-didatica","10":"product_tag-violino","12":"first","13":"instock","14":"downloadable","15":"shipping-taxable","16":"purchasable","17":"product-type-simple"},"jetpack_sharing_enabled":true,"_links":{"self":[{"href":"https:\/\/projetolouvai.com.br\/loja\/wp-json\/wp\/v2\/product\/159","targetHints":{"allow":["GET"]}}],"collection":[{"href":"https:\/\/projetolouvai.com.br\/loja\/wp-json\/wp\/v2\/product"}],"about":[{"href":"https:\/\/projetolouvai.com.br\/loja\/wp-json\/wp\/v2\/types\/product"}],"replies":[{"embeddable":true,"href":"https:\/\/projetolouvai.com.br\/loja\/wp-json\/wp\/v2\/comments?post=159"}],"wp:featuredmedia":[{"embeddable":true,"href":"https:\/\/projetolouvai.com.br\/loja\/wp-json\/wp\/v2\/media\/162"}],"wp:attachment":[{"href":"https:\/\/projetolouvai.com.br\/loja\/wp-json\/wp\/v2\/media?parent=159"}],"wp:term":[{"taxonomy":"product_brand","embeddable":true,"href":"https:\/\/projetolouvai.com.br\/loja\/wp-json\/wp\/v2\/product_brand?post=159"},{"taxonomy":"product_cat","embeddable":true,"href":"https:\/\/projetolouvai.com.br\/loja\/wp-json\/wp\/v2\/product_cat?post=159"},{"taxonomy":"product_tag","embeddable":true,"href":"https:\/\/projetolouvai.com.br\/loja\/wp-json\/wp\/v2\/product_tag?post=159"}],"curies":[{"name":"wp","href":"https:\/\/api.w.org\/{rel}","templated":true}]}}